{"id":294,"date":"2024-02-29T22:10:32","date_gmt":"2024-02-29T21:10:32","guid":{"rendered":"https:\/\/armorik-protect.fr\/?page_id=294"},"modified":"2024-05-02T20:12:36","modified_gmt":"2024-05-02T18:12:36","slug":"alarme","status":"publish","type":"page","link":"https:\/\/armorik-protect.fr\/?page_id=294","title":{"rendered":"Alarme"},"content":{"rendered":"\t\t<div data-elementor-type=\"wp-page\" data-elementor-id=\"294\" class=\"elementor elementor-294\" data-elementor-post-type=\"page\">\n\t\t\t\t<div class=\"elementor-element elementor-element-f8c415f e-flex e-con-boxed e-con e-parent\" data-id=\"f8c415f\" data-element_type=\"container\" data-e-type=\"container\">\n\t\t\t\t\t<div class=\"e-con-inner\">\n\t\t\t\t<div class=\"elementor-element elementor-element-7a12c3c elementor-widget elementor-widget-heading\" data-id=\"7a12c3c\" data-element_type=\"widget\" data-e-type=\"widget\" data-widget_type=\"heading.default\">\n\t\t\t\t<div class=\"elementor-widget-container\">\n\t\t\t\t\t<h1 class=\"elementor-heading-title elementor-size-default\">Un syst\u00e8me d'alarme personnalis\u00e9 et ajust\u00e9 selon vos besoins.<\/h1>\t\t\t\t<\/div>\n\t\t\t\t<\/div>\n\t\t\t\t\t<\/div>\n\t\t\t\t<\/div>\n\t\t<div class=\"elementor-element elementor-element-51da242 e-flex e-con-boxed e-con e-parent\" data-id=\"51da242\" data-element_type=\"container\" data-e-type=\"container\">\n\t\t\t\t\t<div class=\"e-con-inner\">\n\t\t\t\t<div class=\"elementor-element elementor-element-1b9f4c0 elementor-widget elementor-widget-spacer\" data-id=\"1b9f4c0\" data-element_type=\"widget\" data-e-type=\"widget\" data-widget_type=\"spacer.default\">\n\t\t\t\t<div class=\"elementor-widget-container\">\n\t\t\t\t\t\t\t<div class=\"elementor-spacer\">\n\t\t\t<div class=\"elementor-spacer-inner\"><\/div>\n\t\t<\/div>\n\t\t\t\t\t\t<\/div>\n\t\t\t\t<\/div>\n\t\t\t\t\t<\/div>\n\t\t\t\t<\/div>\n\t\t<div class=\"elementor-element elementor-element-2b18fb5 e-flex e-con-boxed e-con e-parent\" data-id=\"2b18fb5\" data-element_type=\"container\" data-e-type=\"container\">\n\t\t\t\t\t<div class=\"e-con-inner\">\n\t\t\t\t<div class=\"elementor-element elementor-element-9a71549 elementor-widget elementor-widget-text-editor\" data-id=\"9a71549\" data-element_type=\"widget\" data-e-type=\"widget\" data-widget_type=\"text-editor.default\">\n\t\t\t\t<div class=\"elementor-widget-container\">\n\t\t\t\t\t\t\t\t\t<p>Daitem, leader europ\u00e9en des syst\u00e8mes d&#8217;alarme sans fil, con\u00e7oit et fabrique ses produits en France, pr\u00e8s de Grenoble, b\u00e9n\u00e9ficiant de 40 ans d&#8217;exp\u00e9rience et d&#8217;une \u00e9quipe de plus de 650 experts.<\/p>\t\t\t\t\t\t\t\t<\/div>\n\t\t\t\t<\/div>\n\t\t\t\t\t<\/div>\n\t\t\t\t<\/div>\n\t\t<div class=\"elementor-element elementor-element-f8d1042 e-flex e-con-boxed e-con e-parent\" data-id=\"f8d1042\" data-element_type=\"container\" data-e-type=\"container\">\n\t\t\t\t\t<div class=\"e-con-inner\">\n\t\t\t\t<div class=\"elementor-element elementor-element-9d4ca32 elementor-widget elementor-widget-spacer\" data-id=\"9d4ca32\" data-element_type=\"widget\" data-e-type=\"widget\" data-widget_type=\"spacer.default\">\n\t\t\t\t<div class=\"elementor-widget-container\">\n\t\t\t\t\t\t\t<div class=\"elementor-spacer\">\n\t\t\t<div class=\"elementor-spacer-inner\"><\/div>\n\t\t<\/div>\n\t\t\t\t\t\t<\/div>\n\t\t\t\t<\/div>\n\t\t\t\t\t<\/div>\n\t\t\t\t<\/div>\n\t\t<div class=\"elementor-element elementor-element-c12d1ec e-flex e-con-boxed e-con e-parent\" data-id=\"c12d1ec\" data-element_type=\"container\" data-e-type=\"container\">\n\t\t\t\t\t<div class=\"e-con-inner\">\n\t\t\t\t\t<\/div>\n\t\t\t\t<\/div>\n\t\t<div class=\"elementor-element elementor-element-3675f79 e-flex e-con-boxed e-con e-parent\" data-id=\"3675f79\" data-element_type=\"container\" data-e-type=\"container\">\n\t\t\t\t\t<div class=\"e-con-inner\">\n\t\t\t\t<div class=\"elementor-element elementor-element-88d343a elementor-widget elementor-widget-heading\" data-id=\"88d343a\" data-element_type=\"widget\" data-e-type=\"widget\" data-widget_type=\"heading.default\">\n\t\t\t\t<div class=\"elementor-widget-container\">\n\t\t\t\t\t<h2 class=\"elementor-heading-title elementor-size-default\">Produits incontournables pour la s\u00e9curit\u00e9 de votre maison<\/h2>\t\t\t\t<\/div>\n\t\t\t\t<\/div>\n\t\t\t\t\t<\/div>\n\t\t\t\t<\/div>\n\t\t<div class=\"elementor-element elementor-element-e9e1ab8 e-flex e-con-boxed e-con e-parent\" data-id=\"e9e1ab8\" data-element_type=\"container\" data-e-type=\"container\">\n\t\t\t\t\t<div class=\"e-con-inner\">\n\t\t\t\t<div class=\"elementor-element elementor-element-2f476ca elementor-widget elementor-widget-spacer\" data-id=\"2f476ca\" data-element_type=\"widget\" data-e-type=\"widget\" data-widget_type=\"spacer.default\">\n\t\t\t\t<div class=\"elementor-widget-container\">\n\t\t\t\t\t\t\t<div class=\"elementor-spacer\">\n\t\t\t<div class=\"elementor-spacer-inner\"><\/div>\n\t\t<\/div>\n\t\t\t\t\t\t<\/div>\n\t\t\t\t<\/div>\n\t\t\t\t\t<\/div>\n\t\t\t\t<\/div>\n\t\t<div class=\"elementor-element elementor-element-73132b7 e-flex e-con-boxed e-con e-parent\" data-id=\"73132b7\" data-element_type=\"container\" data-e-type=\"container\">\n\t\t\t\t\t<div class=\"e-con-inner\">\n\t\t<div class=\"elementor-element elementor-element-9d5a51d e-con-full e-flex e-con e-child\" data-id=\"9d5a51d\" data-element_type=\"container\" data-e-type=\"container\">\n\t\t\t\t<div class=\"elementor-element elementor-element-a7b0a3b elementor-widget elementor-widget-image\" data-id=\"a7b0a3b\" data-element_type=\"widget\" data-e-type=\"widget\" data-widget_type=\"image.default\">\n\t\t\t\t<div class=\"elementor-widget-container\">\n\t\t\t\t\t\t\t\t\t\t\t\t\t\t\t<img decoding=\"async\" width=\"214\" height=\"214\" src=\"https:\/\/armorik-protect.fr\/wp-content\/uploads\/2024\/02\/centrale-sirene.jpeg\" class=\"attachment-large size-large wp-image-296\" alt=\"centrale sirene\" srcset=\"https:\/\/armorik-protect.fr\/wp-content\/uploads\/2024\/02\/centrale-sirene.jpeg 214w, https:\/\/armorik-protect.fr\/wp-content\/uploads\/2024\/02\/centrale-sirene-150x150.jpeg 150w\" sizes=\"(max-width: 214px) 100vw, 214px\" \/>\t\t\t\t\t\t\t\t\t\t\t\t\t\t\t<\/div>\n\t\t\t\t<\/div>\n\t\t\t\t<div class=\"elementor-element elementor-element-d7aee2c elementor-widget elementor-widget-heading\" data-id=\"d7aee2c\" data-element_type=\"widget\" data-e-type=\"widget\" data-widget_type=\"heading.default\">\n\t\t\t\t<div class=\"elementor-widget-container\">\n\t\t\t\t\t<h2 class=\"elementor-heading-title elementor-size-default\">Centrale sir\u00e8ne<\/h2>\t\t\t\t<\/div>\n\t\t\t\t<\/div>\n\t\t\t\t<div class=\"elementor-element elementor-element-21210de elementor-widget elementor-widget-text-editor\" data-id=\"21210de\" data-element_type=\"widget\" data-e-type=\"widget\" data-widget_type=\"text-editor.default\">\n\t\t\t\t<div class=\"elementor-widget-container\">\n\t\t\t\t\t\t\t\t\t<p>La centrale int\u00e9rieure g\u00e8re l&#8217;alarme et communique avec les utilisateurs et le centre de t\u00e9l\u00e9surveillance, avec notifications vocales int\u00e9gr\u00e9es pour une utilisation pratique.<\/p>\t\t\t\t\t\t\t\t<\/div>\n\t\t\t\t<\/div>\n\t\t\t\t<\/div>\n\t\t<div class=\"elementor-element elementor-element-793df12 e-con-full e-flex e-con e-child\" data-id=\"793df12\" data-element_type=\"container\" data-e-type=\"container\">\n\t\t\t\t<div class=\"elementor-element elementor-element-78fa123 elementor-widget elementor-widget-image\" data-id=\"78fa123\" data-element_type=\"widget\" data-e-type=\"widget\" data-widget_type=\"image.default\">\n\t\t\t\t<div class=\"elementor-widget-container\">\n\t\t\t\t\t\t\t\t\t\t\t\t\t\t\t<img decoding=\"async\" width=\"214\" height=\"214\" src=\"https:\/\/armorik-protect.fr\/wp-content\/uploads\/2024\/02\/detecteur-exterieur-a-capture-dimage.jpeg\" class=\"attachment-large size-large wp-image-297\" alt=\"d\u00e9tecteur exte\u0301rieur a\u0300 capture d&#039;image\" srcset=\"https:\/\/armorik-protect.fr\/wp-content\/uploads\/2024\/02\/detecteur-exterieur-a-capture-dimage.jpeg 214w, https:\/\/armorik-protect.fr\/wp-content\/uploads\/2024\/02\/detecteur-exterieur-a-capture-dimage-150x150.jpeg 150w\" sizes=\"(max-width: 214px) 100vw, 214px\" \/>\t\t\t\t\t\t\t\t\t\t\t\t\t\t\t<\/div>\n\t\t\t\t<\/div>\n\t\t\t\t<div class=\"elementor-element elementor-element-c707b2c elementor-widget elementor-widget-heading\" data-id=\"c707b2c\" data-element_type=\"widget\" data-e-type=\"widget\" data-widget_type=\"heading.default\">\n\t\t\t\t<div class=\"elementor-widget-container\">\n\t\t\t\t\t<h2 class=\"elementor-heading-title elementor-size-default\">D\u00e9tecteur de mouvement ext\u00e9rieur \u00e0 capture d\u2019images<\/h2>\t\t\t\t<\/div>\n\t\t\t\t<\/div>\n\t\t\t\t<div class=\"elementor-element elementor-element-606be93 elementor-widget elementor-widget-text-editor\" data-id=\"606be93\" data-element_type=\"widget\" data-e-type=\"widget\" data-widget_type=\"text-editor.default\">\n\t\t\t\t<div class=\"elementor-widget-container\">\n\t\t\t\t\t\t\t\t\t<p>Ce d\u00e9tecteur ext\u00e9rieur alerte automatiquement le centre de t\u00e9l\u00e9surveillance en cas d&#8217;intrusion, avec une t\u00e9l\u00e9commande pour une utilisation simplifi\u00e9e.<\/p>\t\t\t\t\t\t\t\t<\/div>\n\t\t\t\t<\/div>\n\t\t\t\t<\/div>\n\t\t<div class=\"elementor-element elementor-element-2f14813 e-con-full e-flex e-con e-child\" data-id=\"2f14813\" data-element_type=\"container\" data-e-type=\"container\">\n\t\t\t\t<div class=\"elementor-element elementor-element-20df65d elementor-widget elementor-widget-image\" data-id=\"20df65d\" data-element_type=\"widget\" data-e-type=\"widget\" data-widget_type=\"image.default\">\n\t\t\t\t<div class=\"elementor-widget-container\">\n\t\t\t\t\t\t\t\t\t\t\t\t\t\t\t<img fetchpriority=\"high\" decoding=\"async\" width=\"567\" height=\"424\" src=\"https:\/\/armorik-protect.fr\/wp-content\/uploads\/2024\/02\/Telecommande.jpeg\" class=\"attachment-large size-large wp-image-298\" alt=\"Te\u0301le\u0301commande\" srcset=\"https:\/\/armorik-protect.fr\/wp-content\/uploads\/2024\/02\/Telecommande.jpeg 567w, https:\/\/armorik-protect.fr\/wp-content\/uploads\/2024\/02\/Telecommande-300x224.jpeg 300w\" sizes=\"(max-width: 567px) 100vw, 567px\" \/>\t\t\t\t\t\t\t\t\t\t\t\t\t\t\t<\/div>\n\t\t\t\t<\/div>\n\t\t\t\t<div class=\"elementor-element elementor-element-f9a7faf elementor-widget elementor-widget-heading\" data-id=\"f9a7faf\" data-element_type=\"widget\" data-e-type=\"widget\" data-widget_type=\"heading.default\">\n\t\t\t\t<div class=\"elementor-widget-container\">\n\t\t\t\t\t<h2 class=\"elementor-heading-title elementor-size-default\">T\u00e9l\u00e9commande 2 touches<\/h2>\t\t\t\t<\/div>\n\t\t\t\t<\/div>\n\t\t\t\t<div class=\"elementor-element elementor-element-3a819e3 elementor-widget elementor-widget-text-editor\" data-id=\"3a819e3\" data-element_type=\"widget\" data-e-type=\"widget\" data-widget_type=\"text-editor.default\">\n\t\t\t\t<div class=\"elementor-widget-container\">\n\t\t\t\t\t\t\t\t\t<p>La t\u00e9l\u00e9commande contr\u00f4le le syst\u00e8me et les automatismes, avec des touches param\u00e9trables, d\u00e9clenchant l&#8217;alerte en cas d&#8217;urgence.<\/p>\t\t\t\t\t\t\t\t<\/div>\n\t\t\t\t<\/div>\n\t\t\t\t<\/div>\n\t\t\t\t\t<\/div>\n\t\t\t\t<\/div>\n\t\t<div class=\"elementor-element elementor-element-5bc7db3 e-flex e-con-boxed e-con e-parent\" data-id=\"5bc7db3\" data-element_type=\"container\" data-e-type=\"container\">\n\t\t\t\t\t<div class=\"e-con-inner\">\n\t\t<div class=\"elementor-element elementor-element-a2d25fa e-con-full e-flex e-con e-child\" data-id=\"a2d25fa\" data-element_type=\"container\" data-e-type=\"container\">\n\t\t\t\t<div class=\"elementor-element elementor-element-5b4a274 elementor-widget elementor-widget-image\" data-id=\"5b4a274\" data-element_type=\"widget\" data-e-type=\"widget\" data-widget_type=\"image.default\">\n\t\t\t\t<div class=\"elementor-widget-container\">\n\t\t\t\t\t\t\t\t\t\t\t\t\t\t\t<img loading=\"lazy\" decoding=\"async\" width=\"214\" height=\"214\" src=\"https:\/\/armorik-protect.fr\/wp-content\/uploads\/2024\/02\/clavier-de-commande.jpeg\" class=\"attachment-large size-large wp-image-321\" alt=\"clavier de commande\" srcset=\"https:\/\/armorik-protect.fr\/wp-content\/uploads\/2024\/02\/clavier-de-commande.jpeg 214w, https:\/\/armorik-protect.fr\/wp-content\/uploads\/2024\/02\/clavier-de-commande-150x150.jpeg 150w\" sizes=\"(max-width: 214px) 100vw, 214px\" \/>\t\t\t\t\t\t\t\t\t\t\t\t\t\t\t<\/div>\n\t\t\t\t<\/div>\n\t\t\t\t<div class=\"elementor-element elementor-element-24ada1b elementor-widget elementor-widget-heading\" data-id=\"24ada1b\" data-element_type=\"widget\" data-e-type=\"widget\" data-widget_type=\"heading.default\">\n\t\t\t\t<div class=\"elementor-widget-container\">\n\t\t\t\t\t<h2 class=\"elementor-heading-title elementor-size-default\">Clavier int\u00e9rieur \u00e0 retour d'information<\/h2>\t\t\t\t<\/div>\n\t\t\t\t<\/div>\n\t\t\t\t<div class=\"elementor-element elementor-element-1901f6c elementor-widget elementor-widget-text-editor\" data-id=\"1901f6c\" data-element_type=\"widget\" data-e-type=\"widget\" data-widget_type=\"text-editor.default\">\n\t\t\t\t<div class=\"elementor-widget-container\">\n\t\t\t\t\t\t\t\t\t<p>Ce clavier, int\u00e9rieur ou ext\u00e9rieur, permet de contr\u00f4ler le syst\u00e8me avec un voyant lumineux et un buzzer pour les notifications.<\/p>\t\t\t\t\t\t\t\t<\/div>\n\t\t\t\t<\/div>\n\t\t\t\t<\/div>\n\t\t<div class=\"elementor-element elementor-element-5ad1b4c e-con-full e-flex e-con e-child\" data-id=\"5ad1b4c\" data-element_type=\"container\" data-e-type=\"container\">\n\t\t\t\t<div class=\"elementor-element elementor-element-17d3d8a elementor-widget elementor-widget-image\" data-id=\"17d3d8a\" data-element_type=\"widget\" data-e-type=\"widget\" data-widget_type=\"image.default\">\n\t\t\t\t<div class=\"elementor-widget-container\">\n\t\t\t\t\t\t\t\t\t\t\t\t\t\t\t<img loading=\"lazy\" decoding=\"async\" width=\"600\" height=\"535\" src=\"https:\/\/armorik-protect.fr\/wp-content\/uploads\/2024\/05\/detecteur-de-mouvement-daitem.jpeg\" class=\"attachment-large size-large wp-image-411\" alt=\"de\u0301tecteur de mouvement daitem\" srcset=\"https:\/\/armorik-protect.fr\/wp-content\/uploads\/2024\/05\/detecteur-de-mouvement-daitem.jpeg 600w, https:\/\/armorik-protect.fr\/wp-content\/uploads\/2024\/05\/detecteur-de-mouvement-daitem-300x268.jpeg 300w\" sizes=\"(max-width: 600px) 100vw, 600px\" \/>\t\t\t\t\t\t\t\t\t\t\t\t\t\t\t<\/div>\n\t\t\t\t<\/div>\n\t\t\t\t<div class=\"elementor-element elementor-element-ed734f4 elementor-widget elementor-widget-heading\" data-id=\"ed734f4\" data-element_type=\"widget\" data-e-type=\"widget\" data-widget_type=\"heading.default\">\n\t\t\t\t<div class=\"elementor-widget-container\">\n\t\t\t\t\t<h2 class=\"elementor-heading-title elementor-size-default\">D\u00e9tecteur de mouvement<\/h2>\t\t\t\t<\/div>\n\t\t\t\t<\/div>\n\t\t\t\t<div class=\"elementor-element elementor-element-4d681d6 elementor-widget elementor-widget-text-editor\" data-id=\"4d681d6\" data-element_type=\"widget\" data-e-type=\"widget\" data-widget_type=\"text-editor.default\">\n\t\t\t\t<div class=\"elementor-widget-container\">\n\t\t\t\t\t\t\t\t\t<p>Ce d\u00e9tecteur int\u00e9rieur assure la protection volum\u00e9trique des pi\u00e8ces principales de la maison, d\u00e9clenchant une alerte \u00e0 la centrale d&#8217;alarme et au centre de t\u00e9l\u00e9surveillance Atral Services en cas d&#8217;intrusion.<\/p>\t\t\t\t\t\t\t\t<\/div>\n\t\t\t\t<\/div>\n\t\t\t\t<\/div>\n\t\t<div class=\"elementor-element elementor-element-7c603fb e-con-full e-flex e-con e-child\" data-id=\"7c603fb\" data-element_type=\"container\" data-e-type=\"container\">\n\t\t\t\t<div class=\"elementor-element elementor-element-526064c elementor-widget elementor-widget-image\" data-id=\"526064c\" data-element_type=\"widget\" data-e-type=\"widget\" data-widget_type=\"image.default\">\n\t\t\t\t<div class=\"elementor-widget-container\">\n\t\t\t\t\t\t\t\t\t\t\t\t\t\t\t<img loading=\"lazy\" decoding=\"async\" width=\"600\" height=\"535\" src=\"https:\/\/armorik-protect.fr\/wp-content\/uploads\/2024\/05\/sirene-flash-daitem.jpeg\" class=\"attachment-large size-large wp-image-422\" alt=\"sire\u0300ne flash daitem\" srcset=\"https:\/\/armorik-protect.fr\/wp-content\/uploads\/2024\/05\/sirene-flash-daitem.jpeg 600w, https:\/\/armorik-protect.fr\/wp-content\/uploads\/2024\/05\/sirene-flash-daitem-300x268.jpeg 300w\" sizes=\"(max-width: 600px) 100vw, 600px\" \/>\t\t\t\t\t\t\t\t\t\t\t\t\t\t\t<\/div>\n\t\t\t\t<\/div>\n\t\t\t\t<div class=\"elementor-element elementor-element-85ca395 elementor-widget elementor-widget-heading\" data-id=\"85ca395\" data-element_type=\"widget\" data-e-type=\"widget\" data-widget_type=\"heading.default\">\n\t\t\t\t<div class=\"elementor-widget-container\">\n\t\t\t\t\t<h2 class=\"elementor-heading-title elementor-size-default\">Sir\u00e8ne Flash ext\u00e9rieur avec synth\u00e8se vocale<\/h2>\t\t\t\t<\/div>\n\t\t\t\t<\/div>\n\t\t\t\t<div class=\"elementor-element elementor-element-0e27c3b elementor-widget elementor-widget-text-editor\" data-id=\"0e27c3b\" data-element_type=\"widget\" data-e-type=\"widget\" data-widget_type=\"text-editor.default\">\n\t\t\t\t<div class=\"elementor-widget-container\">\n\t\t\t\t\t\t\t\t\t<p>La sir\u00e8ne ext\u00e9rieure d\u00e9courage les intrus en \u00e9mettant des messages vocaux personnalis\u00e9s d\u00e8s leur d\u00e9tection \u00e0 la limite de la propri\u00e9t\u00e9. Avec sa puissance maximale de 142 dB, elle alerte efficacement le voisinage en cas de tentative d&#8217;intrusion.<\/p>\t\t\t\t\t\t\t\t<\/div>\n\t\t\t\t<\/div>\n\t\t\t\t<\/div>\n\t\t\t\t\t<\/div>\n\t\t\t\t<\/div>\n\t\t\t\t<\/div>\n\t\t","protected":false},"excerpt":{"rendered":"<p>Un syst\u00e8me d&#8217;alarme personnalis\u00e9 et ajust\u00e9 selon vos besoins. Daitem, leader europ\u00e9en des syst\u00e8mes d&#8217;alarme sans fil, con\u00e7oit et fabrique ses produits en France, pr\u00e8s de Grenoble, b\u00e9n\u00e9ficiant de 40 ans d&#8217;exp\u00e9rience et d&#8217;une \u00e9quipe de plus de 650 experts. Produits incontournables pour la s\u00e9curit\u00e9 de votre maison Centrale sir\u00e8ne La centrale int\u00e9rieure g\u00e8re l&#8217;alarme [&hellip;]<\/p>\n","protected":false},"author":1,"featured_media":0,"parent":0,"menu_order":0,"comment_status":"closed","ping_status":"closed","template":"elementor_header_footer","meta":{"footnotes":""},"class_list":["post-294","page","type-page","status-publish","hentry"],"yoast_head":"<!-- This site is optimized with the Yoast SEO plugin v22.1 - https:\/\/yoast.com\/wordpress\/plugins\/seo\/ -->\n<title>Alarme - Armorik Protect<\/title>\n<meta name=\"robots\" content=\"index, follow, max-snippet:-1, max-image-preview:large, max-video-preview:-1\" \/>\n<link rel=\"canonical\" href=\"https:\/\/armorik-protect.fr\/?page_id=294\" \/>\n<meta property=\"og:locale\" content=\"en_US\" \/>\n<meta property=\"og:type\" content=\"article\" \/>\n<meta property=\"og:title\" content=\"Alarme - Armorik Protect\" \/>\n<meta property=\"og:description\" content=\"Un syst\u00e8me d&#8217;alarme personnalis\u00e9 et ajust\u00e9 selon vos besoins. Daitem, leader europ\u00e9en des syst\u00e8mes d&#8217;alarme sans fil, con\u00e7oit et fabrique ses produits en France, pr\u00e8s de Grenoble, b\u00e9n\u00e9ficiant de 40 ans d&#8217;exp\u00e9rience et d&#8217;une \u00e9quipe de plus de 650 experts. Produits incontournables pour la s\u00e9curit\u00e9 de votre maison Centrale sir\u00e8ne La centrale int\u00e9rieure g\u00e8re l&#8217;alarme [&hellip;]\" \/>\n<meta property=\"og:url\" content=\"https:\/\/armorik-protect.fr\/?page_id=294\" \/>\n<meta property=\"og:site_name\" content=\"Armorik Protect\" \/>\n<meta property=\"article:modified_time\" content=\"2024-05-02T18:12:36+00:00\" \/>\n<meta property=\"og:image\" content=\"http:\/\/armorik-protect.fr\/wp-content\/uploads\/2024\/02\/centrale-sirene.jpeg\" \/>\n<meta name=\"twitter:card\" content=\"summary_large_image\" \/>\n<meta name=\"twitter:label1\" content=\"Est. reading time\" \/>\n\t<meta name=\"twitter:data1\" content=\"3 minutes\" \/>\n<script type=\"application\/ld+json\" class=\"yoast-schema-graph\">{\"@context\":\"https:\/\/schema.org\",\"@graph\":[{\"@type\":\"WebPage\",\"@id\":\"https:\/\/armorik-protect.fr\/?page_id=294\",\"url\":\"https:\/\/armorik-protect.fr\/?page_id=294\",\"name\":\"Alarme - Armorik Protect\",\"isPartOf\":{\"@id\":\"https:\/\/armorik-protect.fr\/#website\"},\"datePublished\":\"2024-02-29T21:10:32+00:00\",\"dateModified\":\"2024-05-02T18:12:36+00:00\",\"breadcrumb\":{\"@id\":\"https:\/\/armorik-protect.fr\/?page_id=294#breadcrumb\"},\"inLanguage\":\"en-US\",\"potentialAction\":[{\"@type\":\"ReadAction\",\"target\":[\"https:\/\/armorik-protect.fr\/?page_id=294\"]}]},{\"@type\":\"BreadcrumbList\",\"@id\":\"https:\/\/armorik-protect.fr\/?page_id=294#breadcrumb\",\"itemListElement\":[{\"@type\":\"ListItem\",\"position\":1,\"name\":\"Accueil\",\"item\":\"https:\/\/armorik-protect.fr\/\"},{\"@type\":\"ListItem\",\"position\":2,\"name\":\"Alarme\"}]},{\"@type\":\"WebSite\",\"@id\":\"https:\/\/armorik-protect.fr\/#website\",\"url\":\"https:\/\/armorik-protect.fr\/\",\"name\":\"Armorik Protect\",\"description\":\"Priorit\u00e9 \u00e0 votre s\u00e9curit\u00e9 avec Armorik Protect\",\"publisher\":{\"@id\":\"https:\/\/armorik-protect.fr\/#organization\"},\"potentialAction\":[{\"@type\":\"SearchAction\",\"target\":{\"@type\":\"EntryPoint\",\"urlTemplate\":\"https:\/\/armorik-protect.fr\/?s={search_term_string}\"},\"query-input\":\"required name=search_term_string\"}],\"inLanguage\":\"en-US\"},{\"@type\":\"Organization\",\"@id\":\"https:\/\/armorik-protect.fr\/#organization\",\"name\":\"Armorik Protect\",\"url\":\"https:\/\/armorik-protect.fr\/\",\"logo\":{\"@type\":\"ImageObject\",\"inLanguage\":\"en-US\",\"@id\":\"https:\/\/armorik-protect.fr\/#\/schema\/logo\/image\/\",\"url\":\"https:\/\/armorik-protect.fr\/wp-content\/uploads\/2024\/02\/Logo-en-tete-Armorik-Protect.png\",\"contentUrl\":\"https:\/\/armorik-protect.fr\/wp-content\/uploads\/2024\/02\/Logo-en-tete-Armorik-Protect.png\",\"width\":350,\"height\":100,\"caption\":\"Armorik Protect\"},\"image\":{\"@id\":\"https:\/\/armorik-protect.fr\/#\/schema\/logo\/image\/\"}}]}<\/script>\n<!-- \/ Yoast SEO plugin. -->","yoast_head_json":{"title":"Alarme - Armorik Protect","robots":{"index":"index","follow":"follow","max-snippet":"max-snippet:-1","max-image-preview":"max-image-preview:large","max-video-preview":"max-video-preview:-1"},"canonical":"https:\/\/armorik-protect.fr\/?page_id=294","og_locale":"en_US","og_type":"article","og_title":"Alarme - Armorik Protect","og_description":"Un syst\u00e8me d&#8217;alarme personnalis\u00e9 et ajust\u00e9 selon vos besoins. Daitem, leader europ\u00e9en des syst\u00e8mes d&#8217;alarme sans fil, con\u00e7oit et fabrique ses produits en France, pr\u00e8s de Grenoble, b\u00e9n\u00e9ficiant de 40 ans d&#8217;exp\u00e9rience et d&#8217;une \u00e9quipe de plus de 650 experts. Produits incontournables pour la s\u00e9curit\u00e9 de votre maison Centrale sir\u00e8ne La centrale int\u00e9rieure g\u00e8re l&#8217;alarme [&hellip;]","og_url":"https:\/\/armorik-protect.fr\/?page_id=294","og_site_name":"Armorik Protect","article_modified_time":"2024-05-02T18:12:36+00:00","og_image":[{"url":"http:\/\/armorik-protect.fr\/wp-content\/uploads\/2024\/02\/centrale-sirene.jpeg"}],"twitter_card":"summary_large_image","twitter_misc":{"Est. reading time":"3 minutes"},"schema":{"@context":"https:\/\/schema.org","@graph":[{"@type":"WebPage","@id":"https:\/\/armorik-protect.fr\/?page_id=294","url":"https:\/\/armorik-protect.fr\/?page_id=294","name":"Alarme - Armorik Protect","isPartOf":{"@id":"https:\/\/armorik-protect.fr\/#website"},"datePublished":"2024-02-29T21:10:32+00:00","dateModified":"2024-05-02T18:12:36+00:00","breadcrumb":{"@id":"https:\/\/armorik-protect.fr\/?page_id=294#breadcrumb"},"inLanguage":"en-US","potentialAction":[{"@type":"ReadAction","target":["https:\/\/armorik-protect.fr\/?page_id=294"]}]},{"@type":"BreadcrumbList","@id":"https:\/\/armorik-protect.fr\/?page_id=294#breadcrumb","itemListElement":[{"@type":"ListItem","position":1,"name":"Accueil","item":"https:\/\/armorik-protect.fr\/"},{"@type":"ListItem","position":2,"name":"Alarme"}]},{"@type":"WebSite","@id":"https:\/\/armorik-protect.fr\/#website","url":"https:\/\/armorik-protect.fr\/","name":"Armorik Protect","description":"Priorit\u00e9 \u00e0 votre s\u00e9curit\u00e9 avec Armorik Protect","publisher":{"@id":"https:\/\/armorik-protect.fr\/#organization"},"potentialAction":[{"@type":"SearchAction","target":{"@type":"EntryPoint","urlTemplate":"https:\/\/armorik-protect.fr\/?s={search_term_string}"},"query-input":"required name=search_term_string"}],"inLanguage":"en-US"},{"@type":"Organization","@id":"https:\/\/armorik-protect.fr\/#organization","name":"Armorik Protect","url":"https:\/\/armorik-protect.fr\/","logo":{"@type":"ImageObject","inLanguage":"en-US","@id":"https:\/\/armorik-protect.fr\/#\/schema\/logo\/image\/","url":"https:\/\/armorik-protect.fr\/wp-content\/uploads\/2024\/02\/Logo-en-tete-Armorik-Protect.png","contentUrl":"https:\/\/armorik-protect.fr\/wp-content\/uploads\/2024\/02\/Logo-en-tete-Armorik-Protect.png","width":350,"height":100,"caption":"Armorik Protect"},"image":{"@id":"https:\/\/armorik-protect.fr\/#\/schema\/logo\/image\/"}}]}},"_links":{"self":[{"href":"https:\/\/armorik-protect.fr\/index.php?rest_route=\/wp\/v2\/pages\/294","targetHints":{"allow":["GET"]}}],"collection":[{"href":"https:\/\/armorik-protect.fr\/index.php?rest_route=\/wp\/v2\/pages"}],"about":[{"href":"https:\/\/armorik-protect.fr\/index.php?rest_route=\/wp\/v2\/types\/page"}],"author":[{"embeddable":true,"href":"https:\/\/armorik-protect.fr\/index.php?rest_route=\/wp\/v2\/users\/1"}],"replies":[{"embeddable":true,"href":"https:\/\/armorik-protect.fr\/index.php?rest_route=%2Fwp%2Fv2%2Fcomments&post=294"}],"version-history":[{"count":73,"href":"https:\/\/armorik-protect.fr\/index.php?rest_route=\/wp\/v2\/pages\/294\/revisions"}],"predecessor-version":[{"id":429,"href":"https:\/\/armorik-protect.fr\/index.php?rest_route=\/wp\/v2\/pages\/294\/revisions\/429"}],"wp:attachment":[{"href":"https:\/\/armorik-protect.fr\/index.php?rest_route=%2Fwp%2Fv2%2Fmedia&parent=294"}],"curies":[{"name":"wp","href":"https:\/\/api.w.org\/{rel}","templated":true}]}}